{"id":2617,"date":"2024-09-17T11:15:18","date_gmt":"2024-09-17T15:15:18","guid":{"rendered":"https:\/\/sites.smith.edu\/frn372-fa24\/?page_id=2617"},"modified":"2024-12-10T13:48:59","modified_gmt":"2024-12-10T18:48:59","slug":"les-presentations-orales","status":"publish","type":"page","link":"https:\/\/sites.smith.edu\/frn372-fa24\/syllabus\/les-presentations-orales\/","title":{"rendered":"Les Pr\u00e9sentations orales"},"content":{"rendered":"\n<details class=\"wp-block-details is-layout-flow wp-block-details-is-layout-flow\"><summary>CONSIGNES (cliquez pour ouvrir)<\/summary>\n<p>Vous <strong>pr\u00e9senterez \u00e0 l\u2019oral<\/strong> une des lectures, un groupe de lectures, ou un des th\u00e8mes au programme et en animerez la discussion en classe. <\/p>\n\n\n\n<p>Votre temps de parole sera environ 10-15 minutes, mais votre pr\u00e9sentation durera plus longtemps puisqu&#8217;il y aura des questions, des discussions, des interventions de ma part, etc.<\/p>\n\n\n\n<p>Pour ce faire, il y a beaucoup de <a href=\"https:\/\/sites.smith.edu\/frn372-fa24\/?page_id=239\" data-type=\"page\" data-id=\"239\">ressources<\/a> disponibles (lien \u00e0 des articles, des sources, pour chacun des textes\/auteur\u00b7es). <\/p>\n\n\n\n<p>La semaine pr\u00e9c\u00e9dant votre pr\u00e9sentation, vous devrez <a href=\"https:\/\/calendar.app.google\/PhPz3SNtyejcz9Yp8\" data-type=\"link\" data-id=\"https:\/\/calendar.app.google\/PhPz3SNtyejcz9Yp8\">prendre rendez-vous avec moi<\/a> : vous viendrez \u00e0 la r\u00e9union ayant lu le(s) texte(s) en question et avec une \u00e9bauche des questions que vous poserez \u00e0 la classe.<\/p>\n\n\n\n<p>Au lieu de faire un diaporama, vous <strong>publierez un \u00abpost\u00bb <\/strong>sur WordPress dans la cat\u00e9gorie \u00ab<strong>Pr\u00e9sentations<\/strong>\u00bb. Dans ce post, vous pouvez ajouter des images, des citations, vos questions, quelques phrases pour structurer votre pr\u00e9sentation, etc. Nous projetterons cette publication pendant votre pr\u00e9sentation en classe, alors mettez-y tout ce que vous voulez montrer \u00e0 la classe !<\/p>\n\n\n\n<p><\/p>\n<\/details>\n\n\n\n<p><\/p>\n\n\n\n<p><a href=\"https:\/\/docs.google.com\/document\/d\/1aLWHngnQNV-hsge07U-691D2Vydd6Vr_uSYvd0k6Jlg\/edit?usp=sharing\" data-type=\"link\" data-id=\"https:\/\/docs.google.com\/document\/d\/1aLWHngnQNV-hsge07U-691D2Vydd6Vr_uSYvd0k6Jlg\/edit?usp=sharing\">Les pr\u00e9sentations orales \u2013 sujets et dates<\/a> (cliquez pour voir le programme des pr\u00e9sentations avant de vous inscrire en classe)<\/p>\n\n\n\n<hr class=\"wp-block-separator has-alpha-channel-opacity is-style-dots\" \/>\n\n\n<ul class=\"wp-block-latest-posts__list has-author wp-block-latest-posts\"><li><a class=\"wp-block-latest-posts__post-title\" href=\"https:\/\/sites.smith.edu\/frn372-fa24\/fausses-representations-cheikh-bouamama-et-lalgerie-dans-la-presse-francaise-1881-1908\/\">Fausses\/repr\u00e9sentations : Cheikh Bouamama et l&#8217;Alg\u00e9rie dans la presse fran\u00e7aise, 1881-1908<\/a><div class=\"wp-block-latest-posts__post-author\">by Josie Dolan-Edmondson<\/div><\/li>\n<li><a class=\"wp-block-latest-posts__post-title\" href=\"https:\/\/sites.smith.edu\/frn372-fa24\/linterview-un-portail-dans-lesprit\/\">L&#8217;Interview: Un portail dans l&#8217;esprit<\/a><div class=\"wp-block-latest-posts__post-author\">by Sophie Hauck<\/div><\/li>\n<li><a class=\"wp-block-latest-posts__post-title\" href=\"https:\/\/sites.smith.edu\/frn372-fa24\/reportage-sur-les-meurtres-de-jack-leventreur-dans-le-figaro-septembre-decembre-1888\/\">Reportage sur les meurtres de Jack l&#8217;\u00c9ventreur dans Le Figaro, septembre &#8211; d\u00e9cembre 1888<\/a><div class=\"wp-block-latest-posts__post-author\">by Miriam Saletan<\/div><\/li>\n<li><a class=\"wp-block-latest-posts__post-title\" href=\"https:\/\/sites.smith.edu\/frn372-fa24\/la-voix-des-sans-voix-severine-et-les-mineurs\/\">La voix des sans voix: S\u00e9v\u00e9rine et les mineurs<\/a><div class=\"wp-block-latest-posts__post-author\">by Annie Karitonze<\/div><\/li>\n<li><a class=\"wp-block-latest-posts__post-title\" href=\"https:\/\/sites.smith.edu\/frn372-fa24\/baudelaire-et-ses-fleurs-du-mal-dans-la-presse\/\">Baudelaire et ses Fleurs du mal dans la presse<\/a><div class=\"wp-block-latest-posts__post-author\">by Hannah Davydov<\/div><\/li>\n<li><a class=\"wp-block-latest-posts__post-title\" href=\"https:\/\/sites.smith.edu\/frn372-fa24\/les-femmes-modernes-a-la-belle-epoque-les-medias\/\">Les Femmes Modernes \u00e0 la Belle \u00c9poque : Les M\u00e9dias<\/a><div class=\"wp-block-latest-posts__post-author\">by Mary Huffaker<\/div><\/li>\n<li><a class=\"wp-block-latest-posts__post-title\" href=\"https:\/\/sites.smith.edu\/frn372-fa24\/folie-en-images-representations-mediatiques-de-la-maladie-mentale-et-marginalisation-des-femmes-dans-la-france-du-xixe-siecle\/\">Folie en Images : Repr\u00e9sentations M\u00e9diatiques de la Maladie Mentale et Marginalisation des Femmes dans la France du XIXe Si\u00e8cle<\/a><div class=\"wp-block-latest-posts__post-author\">by Riley Weaver<\/div><\/li>\n<li><a class=\"wp-block-latest-posts__post-title\" href=\"https:\/\/sites.smith.edu\/frn372-fa24\/le-sensationnalisme-la-dramatisation-et-la-violence-genree-dans-les-faits-divers\/\">Le sensationnalisme, la dramatisation, et la violence genr\u00e9e dans les Faits-Divers<\/a><div class=\"wp-block-latest-posts__post-author\">by Trudie Seterdahl<\/div><\/li>\n<li><a class=\"wp-block-latest-posts__post-title\" href=\"https:\/\/sites.smith.edu\/frn372-fa24\/un-avortement-a-toulon-la-reponse-de-severine-et-les-avis-divers\/\">Un Avortement \u00c0 Toulon : La R\u00e9ponse de S\u00e9verine et Les Avis Divers\u00a0<\/a><div class=\"wp-block-latest-posts__post-author\">by Annika Lof<\/div><\/li>\n<li><a class=\"wp-block-latest-posts__post-title\" href=\"https:\/\/sites.smith.edu\/frn372-fa24\/jaccuse-par-emile-zola\/\">\u00ab J\u2019accuse\u2026 !\u00a0\u00bb par \u00c9mile Zola<\/a><div class=\"wp-block-latest-posts__post-author\">by Sophie Hauck<\/div><\/li>\n<li><a class=\"wp-block-latest-posts__post-title\" href=\"https:\/\/sites.smith.edu\/frn372-fa24\/octave-mirbeau-et-laffaire-dreyfus\/\">Octave Mirbeau et l\u2019Affaire Dreyfus<\/a><div class=\"wp-block-latest-posts__post-author\">by Riley Weaver<\/div><\/li>\n<li><a class=\"wp-block-latest-posts__post-title\" href=\"https:\/\/sites.smith.edu\/frn372-fa24\/la-commune-de-paris-a-travers-des-illustrations\/\">La Commune de Paris &#8211; \u00e0 travers des illustrations<\/a><div class=\"wp-block-latest-posts__post-author\">by Olivia Weiner<\/div><\/li>\n<li><a class=\"wp-block-latest-posts__post-title\" href=\"https:\/\/sites.smith.edu\/frn372-fa24\/la-commune-de-paris-2\/\">La Commune de Paris<\/a><div class=\"wp-block-latest-posts__post-author\">by Annie Karitonze<\/div><\/li>\n<li><a class=\"wp-block-latest-posts__post-title\" href=\"https:\/\/sites.smith.edu\/frn372-fa24\/les-critiques-de-bel-ami\/\">Les critiques de Bel-Ami<\/a><div class=\"wp-block-latest-posts__post-author\">by Trudie Seterdahl<\/div><\/li>\n<li><a class=\"wp-block-latest-posts__post-title\" href=\"https:\/\/sites.smith.edu\/frn372-fa24\/maupassant-et-lalgerie\/\">Maupassant et l&#8217;Alg\u00e9rie<\/a><div class=\"wp-block-latest-posts__post-author\">by Josie Dolan-Edmondson<\/div><\/li>\n<li><a class=\"wp-block-latest-posts__post-title\" href=\"https:\/\/sites.smith.edu\/frn372-fa24\/guy-de-maupassant-et-bel-ami\/\">Guy de Maupassant et &#8220;Bel-Ami&#8221;<\/a><div class=\"wp-block-latest-posts__post-author\">by Mary Huffaker<\/div><\/li>\n<li><a class=\"wp-block-latest-posts__post-title\" href=\"https:\/\/sites.smith.edu\/frn372-fa24\/emile-zola-et-la-presse-2\/\">\u00c9mile Zola et la presse<\/a><div class=\"wp-block-latest-posts__post-author\">by Hannah Davydov<\/div><\/li>\n<li><a class=\"wp-block-latest-posts__post-title\" href=\"https:\/\/sites.smith.edu\/frn372-fa24\/honore-de-balzac-illusions-perdues-2eme-partie\/\">Honor\u00e9 de Balzac, Illusions perdues (2\u00e8me partie)<\/a><div class=\"wp-block-latest-posts__post-author\">by Miriam Saletan<\/div><\/li>\n<li><a class=\"wp-block-latest-posts__post-title\" href=\"https:\/\/sites.smith.edu\/frn372-fa24\/les-mysteres-de-paris-par-eugene-sue\/\">Les Myst\u00e8res de Paris par Eug\u00e8ne Sue<\/a><div class=\"wp-block-latest-posts__post-author\">by Annika Lof<\/div><\/li>\n<li><a class=\"wp-block-latest-posts__post-title\" href=\"https:\/\/sites.smith.edu\/frn372-fa24\/les-presentations-orales-sujets-et-dates\/\">Les pr\u00e9sentations orales \u2013 sujets et dates<\/a><div class=\"wp-block-latest-posts__post-author\">by Maureen DeNino<\/div><\/li>\n<\/ul>","protected":false},"excerpt":{"rendered":"<p>Les pr\u00e9sentations orales \u2013 sujets et dates (cliquez pour voir le programme des pr\u00e9sentations avant de vous inscrire en classe)<\/p>\n","protected":false},"author":4992,"featured_media":0,"parent":189,"menu_order":0,"comment_status":"closed","ping_status":"closed","template":"","meta":{"footnotes":""},"class_list":["post-2617","page","type-page","status-publish","hentry"],"_links":{"self":[{"href":"https:\/\/sites.smith.edu\/frn372-fa24\/wp-json\/wp\/v2\/pages\/2617","targetHints":{"allow":["GET"]}}],"collection":[{"href":"https:\/\/sites.smith.edu\/frn372-fa24\/wp-json\/wp\/v2\/pages"}],"about":[{"href":"https:\/\/sites.smith.edu\/frn372-fa24\/wp-json\/wp\/v2\/types\/page"}],"author":[{"embeddable":true,"href":"https:\/\/sites.smith.edu\/frn372-fa24\/wp-json\/wp\/v2\/users\/4992"}],"replies":[{"embeddable":true,"href":"https:\/\/sites.smith.edu\/frn372-fa24\/wp-json\/wp\/v2\/comments?post=2617"}],"version-history":[{"count":8,"href":"https:\/\/sites.smith.edu\/frn372-fa24\/wp-json\/wp\/v2\/pages\/2617\/revisions"}],"predecessor-version":[{"id":3947,"href":"https:\/\/sites.smith.edu\/frn372-fa24\/wp-json\/wp\/v2\/pages\/2617\/revisions\/3947"}],"up":[{"embeddable":true,"href":"https:\/\/sites.smith.edu\/frn372-fa24\/wp-json\/wp\/v2\/pages\/189"}],"wp:attachment":[{"href":"https:\/\/sites.smith.edu\/frn372-fa24\/wp-json\/wp\/v2\/media?parent=2617"}],"curies":[{"name":"wp","href":"https:\/\/api.w.org\/{rel}","templated":true}]}}

Les Présentations orales

<details class="wp-block-details is-layout-flow wp-block-details-is-layout-flow"><summary>CONSIGNES (cliquez pour ouvrir)</summary>
<p>Vous <strong>présenterez à l’oral</strong> une des lectures, un groupe de lectures, ou un des thèmes au programme et en animerez la discussion en classe. </p>



<p>Votre temps de parole sera environ 10-15 minutes, mais votre présentation durera plus longtemps puisqu&#8217;il y aura des questions, des discussions, des interventions de ma part, etc.</p>



<p>Pour ce faire, il y a beaucoup de <a href="https://sites.smith.edu/frn372-fa24/?page_id=239" data-type="page" data-id="239">ressources</a> disponibles (lien à des articles, des sources, pour chacun des textes/auteur·es). </p>



<p>La semaine précédant votre présentation, vous devrez <a href="https://calendar.app.google/PhPz3SNtyejcz9Yp8" data-type="link" data-id="https://calendar.app.google/PhPz3SNtyejcz9Yp8">prendre rendez-vous avec moi</a> : vous viendrez à la réunion ayant lu le(s) texte(s) en question et avec une ébauche des questions que vous poserez à la classe.</p>



<p>Au lieu de faire un diaporama, vous <strong>publierez un «post» </strong>sur WordPress dans la catégorie «<strong>Présentations</strong>». Dans ce post, vous pouvez ajouter des images, des citations, vos questions, quelques phrases pour structurer votre présentation, etc. Nous projetterons cette publication pendant votre présentation en classe, alors mettez-y tout ce que vous voulez montrer à la classe !</p>



<p></p>
</details>



<p></p>



<p><a href="https://docs.google.com/document/d/1aLWHngnQNV-hsge07U-691D2Vydd6Vr_uSYvd0k6Jlg/edit?usp=sharing" data-type="link" data-id="https://docs.google.com/document/d/1aLWHngnQNV-hsge07U-691D2Vydd6Vr_uSYvd0k6Jlg/edit?usp=sharing">Les présentations orales – sujets et dates</a> (cliquez pour voir le programme des présentations avant de vous inscrire en classe)</p>



<hr class="wp-block-separator has-alpha-channel-opacity is-style-dots" />


<ul class="wp-block-latest-posts__list has-author wp-block-latest-posts"><li><a class="wp-block-latest-posts__post-title" href="https://sites.smith.edu/frn372-fa24/fausses-representations-cheikh-bouamama-et-lalgerie-dans-la-presse-francaise-1881-1908/">Fausses/représentations : Cheikh Bouamama et l&#8217;Algérie dans la presse française, 1881-1908</a><div class="wp-block-latest-posts__post-author">by Josie Dolan-Edmondson</div></li>
<li><a class="wp-block-latest-posts__post-title" href="https://sites.smith.edu/frn372-fa24/linterview-un-portail-dans-lesprit/">L&#8217;Interview: Un portail dans l&#8217;esprit</a><div class="wp-block-latest-posts__post-author">by Sophie Hauck</div></li>
<li><a class="wp-block-latest-posts__post-title" href="https://sites.smith.edu/frn372-fa24/reportage-sur-les-meurtres-de-jack-leventreur-dans-le-figaro-septembre-decembre-1888/">Reportage sur les meurtres de Jack l&#8217;Éventreur dans Le Figaro, septembre &#8211; décembre 1888</a><div class="wp-block-latest-posts__post-author">by Miriam Saletan</div></li>
<li><a class="wp-block-latest-posts__post-title" href="https://sites.smith.edu/frn372-fa24/la-voix-des-sans-voix-severine-et-les-mineurs/">La voix des sans voix: Sévérine et les mineurs</a><div class="wp-block-latest-posts__post-author">by Annie Karitonze</div></li>
<li><a class="wp-block-latest-posts__post-title" href="https://sites.smith.edu/frn372-fa24/baudelaire-et-ses-fleurs-du-mal-dans-la-presse/">Baudelaire et ses Fleurs du mal dans la presse</a><div class="wp-block-latest-posts__post-author">by Hannah Davydov</div></li>
<li><a class="wp-block-latest-posts__post-title" href="https://sites.smith.edu/frn372-fa24/les-femmes-modernes-a-la-belle-epoque-les-medias/">Les Femmes Modernes à la Belle Époque : Les Médias</a><div class="wp-block-latest-posts__post-author">by Mary Huffaker</div></li>
<li><a class="wp-block-latest-posts__post-title" href="https://sites.smith.edu/frn372-fa24/folie-en-images-representations-mediatiques-de-la-maladie-mentale-et-marginalisation-des-femmes-dans-la-france-du-xixe-siecle/">Folie en Images : Représentations Médiatiques de la Maladie Mentale et Marginalisation des Femmes dans la France du XIXe Siècle</a><div class="wp-block-latest-posts__post-author">by Riley Weaver</div></li>
<li><a class="wp-block-latest-posts__post-title" href="https://sites.smith.edu/frn372-fa24/le-sensationnalisme-la-dramatisation-et-la-violence-genree-dans-les-faits-divers/">Le sensationnalisme, la dramatisation, et la violence genrée dans les Faits-Divers</a><div class="wp-block-latest-posts__post-author">by Trudie Seterdahl</div></li>
<li><a class="wp-block-latest-posts__post-title" href="https://sites.smith.edu/frn372-fa24/un-avortement-a-toulon-la-reponse-de-severine-et-les-avis-divers/">Un Avortement À Toulon : La Réponse de Séverine et Les Avis Divers </a><div class="wp-block-latest-posts__post-author">by Annika Lof</div></li>
<li><a class="wp-block-latest-posts__post-title" href="https://sites.smith.edu/frn372-fa24/jaccuse-par-emile-zola/">« J’accuse… ! » par Émile Zola</a><div class="wp-block-latest-posts__post-author">by Sophie Hauck</div></li>
<li><a class="wp-block-latest-posts__post-title" href="https://sites.smith.edu/frn372-fa24/octave-mirbeau-et-laffaire-dreyfus/">Octave Mirbeau et l’Affaire Dreyfus</a><div class="wp-block-latest-posts__post-author">by Riley Weaver</div></li>
<li><a class="wp-block-latest-posts__post-title" href="https://sites.smith.edu/frn372-fa24/la-commune-de-paris-a-travers-des-illustrations/">La Commune de Paris &#8211; à travers des illustrations</a><div class="wp-block-latest-posts__post-author">by Olivia Weiner</div></li>
<li><a class="wp-block-latest-posts__post-title" href="https://sites.smith.edu/frn372-fa24/la-commune-de-paris-2/">La Commune de Paris</a><div class="wp-block-latest-posts__post-author">by Annie Karitonze</div></li>
<li><a class="wp-block-latest-posts__post-title" href="https://sites.smith.edu/frn372-fa24/les-critiques-de-bel-ami/">Les critiques de Bel-Ami</a><div class="wp-block-latest-posts__post-author">by Trudie Seterdahl</div></li>
<li><a class="wp-block-latest-posts__post-title" href="https://sites.smith.edu/frn372-fa24/maupassant-et-lalgerie/">Maupassant et l&#8217;Algérie</a><div class="wp-block-latest-posts__post-author">by Josie Dolan-Edmondson</div></li>
<li><a class="wp-block-latest-posts__post-title" href="https://sites.smith.edu/frn372-fa24/guy-de-maupassant-et-bel-ami/">Guy de Maupassant et &#8220;Bel-Ami&#8221;</a><div class="wp-block-latest-posts__post-author">by Mary Huffaker</div></li>
<li><a class="wp-block-latest-posts__post-title" href="https://sites.smith.edu/frn372-fa24/emile-zola-et-la-presse-2/">Émile Zola et la presse</a><div class="wp-block-latest-posts__post-author">by Hannah Davydov</div></li>
<li><a class="wp-block-latest-posts__post-title" href="https://sites.smith.edu/frn372-fa24/honore-de-balzac-illusions-perdues-2eme-partie/">Honoré de Balzac, Illusions perdues (2ème partie)</a><div class="wp-block-latest-posts__post-author">by Miriam Saletan</div></li>
<li><a class="wp-block-latest-posts__post-title" href="https://sites.smith.edu/frn372-fa24/les-mysteres-de-paris-par-eugene-sue/">Les Mystères de Paris par Eugène Sue</a><div class="wp-block-latest-posts__post-author">by Annika Lof</div></li>
<li><a class="wp-block-latest-posts__post-title" href="https://sites.smith.edu/frn372-fa24/les-presentations-orales-sujets-et-dates/">Les présentations orales – sujets et dates</a><div class="wp-block-latest-posts__post-author">by Maureen DeNino</div></li>
</ul>

<p>Les présentations orales – sujets et dates (cliquez pour voir le programme des présentations avant de vous inscrire en classe)</p>
