{"id":26,"date":"2016-12-07T20:16:28","date_gmt":"2016-12-07T20:16:28","guid":{"rendered":"https:\/\/sites.smith.edu\/global-modern-women-artists\/?page_id=26"},"modified":"2017-04-03T04:17:56","modified_gmt":"2017-04-03T04:17:56","slug":"bibliography","status":"publish","type":"page","link":"https:\/\/sites.smith.edu\/global-modern-women-artists\/amelia-palaez\/bibliography\/","title":{"rendered":"Bibliography"},"content":{"rendered":"<div id=\"accordion-1\" class=\"accordion no-js\">\n\n\t\t\t\t\t<h3 role=\"button\" id=\"accordion-1-t1\" class=\"accordion-title js-accordion-controller\" aria-controls=\"accordion-1-c1\" aria-expanded=\"false\" tabindex=\"0\">\n\t\t\t\t<\/p>\n<p>Blanc, Giulio V. <i>Cuban Artists of the Twentieth Century.<\/i> Curated by Jorge H. Santis. Fort Lauderdale: Fort Lauderdale Art Center, 1993. Exhibition catalog.<\/p>\n<p>\t\t\t<\/h3>\n\t\t\n\t\t<div id=\"accordion-1-c1\" class=\"accordion-content\" aria-hidden=\"true\">\n\t\t\tAn exhibition catalog for Cuban Artists of the Twentieth Century, an exhibition at the Museum of Art, Fort Lauderdale, Florida from October 1993 to January 1994. This exhibition was the first time in 50 years that an art show displayed paintings from the Cuban greats together, the last time being Modern Cuban Painters at the Museum of Modern Art in 1944. The 1944 exhibit, which was curated by Alfred Barr, helped give Cuban modernists the publicity that they had been looking for. A majority of the painters shown here were educated at the academy but rejected its teachings in favor of modernism. Pel\u00e1ez, for example, began as an impressionist but discovered cubism \u00a0after moving to Europe and meeting Exter. The painting <em>Marpac\u00edfico<\/em> represents what she learned from Exter about balanced colors and strong lines. In 1934 Pel\u00e1ez returned to Havana and lived at home with her widowed mother and unmarried sister. She loved gardening. Her work developed as the years went by and in the 1940s her works began to show lots of &#8220;Cuban colonial feminism\u201d.\t\t<\/div>\n\n\t\t\n\n\t\t\t\t\t<h3 role=\"button\" id=\"accordion-1-t2\" class=\"accordion-title js-accordion-controller\" aria-controls=\"accordion-1-c2\" aria-expanded=\"false\" tabindex=\"0\">\n\t\t\t\t<\/p>\n<p>Gaztambide, Mar\u00eda C. \u201cAmelia Pel\u00e1ez and the Insertion of the Female Sphere: The Cuban <i>Vanguardia<\/i> Reconsidered.\u201d <i>Athanor <\/i>20 (2002): 85-93.<\/p>\n<p>\t\t\t<\/h3>\n\t\t\n\t\t<div id=\"accordion-1-c2\" class=\"accordion-content\" aria-hidden=\"true\">\n\t\t\t\n<p>This is a seminar paper about Pel\u00e1ez and the Cuban vanguardia. The vanguardia began in the 20s with artists who mostly studied at the academy and abroad in Paris. Pel\u00e1ez\u2019s art and self discovery blossomed abroad when she met Exter, who taught her many styles of expression and also inspired her as a professional woman. Pel\u00e1ez\u2019s family was part of the culturally elite that were looking for a personalized Cuban identity, and Pel\u00e1ez helped them discover this by touching on traditions in her artwork. The vanguardia played a large role in supporting and encouraging the citizens of Cuba to push for independence from the U.S. This piece also discusses feminism, and how Pel\u00e1ez\u2019s role as an upper class woman affected her reach and abilities.\t\t<\/div>\n\n\t\t\n\n\t\t\t\t\t<h3 role=\"button\" id=\"accordion-1-t3\" class=\"accordion-title js-accordion-controller\" aria-controls=\"accordion-1-c3\" aria-expanded=\"false\" tabindex=\"0\">\n\t\t\t\t<\/p>\n<p>G\u00f3mez-Sicre, J. \u201cAmelia Pel\u00e1ez: Modern Baroque.\u201d <i>Americas<\/i> 6 (1954): 12-16.<\/p>\n<p>\t\t\t<\/h3>\n\t\t\n\t\t<div id=\"accordion-1-c3\" class=\"accordion-content\" aria-hidden=\"true\">\n\t\t\tThis is a journal article that was written by G\u00f3mez-Sicre after a visit to Pel\u00e1ez\u2019s house and an interview with her mother, Do\u00f1a Carmela. He describes la Villa Carmela&#8217;s signature\u00a0 flowerbeds, columns, and a wrought iron fence along with a back patio full of tropical plants and birds that Pel\u00e1ez used as a workshop. Inside the house there are works of Pel\u00e1ez\u2019s hanging up in many rooms. Inside her own room there was a wrought iron bed and a baroque dresser, two styles that greatly influenced her painting. She studied color with Roma\u00f1ach, in New York with Professor C Bridgman, and scene design and color dynamics with Exter at the Acad\u00e9mie Moderne. During trips to Madrid, Budapest, and other European art destinations she found inspiration from many modern artists. She returned to Cuban and in 1935 won a prize for her work in the First National Salon. From 1935 to 1936 and on vacation in 1940 she focused almost exclusively on drawings, creating some of her best pencil work. Also during this time she painted two fresco murals, which were later destroyed. The 1940s marked a significant shift and development in her artwork, as natural architecture and baroque styles became more of a focus. In 1941 she had her first show in New York for the magazine Norte, which lead MoMA to purchase her work in 1941, \u201843, and \u201844. From 1950 to 1953 Pel\u00e1ez worked almost exclusively in ceramics. In a studio in Santiago de las Vegas she made the pieces for the 65 foot ceramic mural that now adorns the building of the National Accounting Office. Across from her pottery studio, Pel\u00e1ez rented a small house where she lived sometimes and raised chickens. \t\t<\/div>\n\n\t\t\n\n\t\t\t\t\t<h3 role=\"button\" id=\"accordion-1-t4\" class=\"accordion-title js-accordion-controller\" aria-controls=\"accordion-1-c4\" aria-expanded=\"false\" tabindex=\"0\">\n\t\t\t\t<\/p>\n<p>Libby, Gary Russell, and Juan A. Mart\u00ednez. <i>Cuba: A History in Art<\/i>. Gainsville: University Press of Florida, 2015.<\/p>\n<p>\t\t\t<\/h3>\n\t\t\n\t\t<div id=\"accordion-1-c4\" class=\"accordion-content\" aria-hidden=\"true\">\n\t\t\tThis book contains short biographies on many important Cuban artists. For Pel\u00e1ez, the biography consists of basic family history and tells of her time at the Academy of San Alejandro as well as her time studying abroad in Paris.\t\t<\/div>\n\n\t\t\n\n\t\t\t\t\t<h3 role=\"button\" id=\"accordion-1-t5\" class=\"accordion-title js-accordion-controller\" aria-controls=\"accordion-1-c5\" aria-expanded=\"false\" tabindex=\"0\">\n\t\t\t\t<\/p>\n<p><i>Four Cuban Modernists: Mario Carre\u00f1o, Amelia Pel\u00e1ez, Fidelio Ponce, and Ren\u00e9 Portocarrero. <\/i>Edited by Carlos M. Lu\u00eds. Coral Gables: Javier Lumbreras Fine Art, 1993. Exhibition catalog.<\/p>\n<p>\t\t\t<\/h3>\n\t\t\n\t\t<div id=\"accordion-1-c5\" class=\"accordion-content\" aria-hidden=\"true\">\n\t\t\tThis is an exhibition catalogue that includes the works of four different Cuban artists. Pel\u00e1ez came from a family that was deeply rooted in native Cuban culture, and she was able to purely represent that culture in her artwork by combining fruit and architectural elements. Her paintings also mirrored the Creole traditional stained glass that gave her artwork a new perspective. \t\t<\/div>\n\n\t\t\n\n\t\t\t\t\t<h3 role=\"button\" id=\"accordion-1-t6\" class=\"accordion-title js-accordion-controller\" aria-controls=\"accordion-1-c6\" aria-expanded=\"false\" tabindex=\"0\">\n\t\t\t\t<\/p>\n<p>Mart\u00ednez, Juan A. <i>Cuban Art and National Identity: The Vanguardia Painters 1927-1950. <\/i>Gainesville: University Press of Florida, 1994.<\/p>\n<p>\t\t\t<\/h3>\n\t\t\n\t\t<div id=\"accordion-1-c6\" class=\"accordion-content\" aria-hidden=\"true\">\n\t\t\tThe vanguardia painters were a group that initiated the modern art movement in Cuba. This began in the mid 1920s when many of them started to react against the antiquated teachings of the Academy. Pel\u00e1ez was influenced by many painters, especially during her travels in Paris. Despite the growing numbers of artists, modern art was a movement that was very hard to kickstart. In the 40s Pel\u00e1ez\u2019s art became enriched by her expression of Cuban colonial architecture. The 1940s also put Cuban modernists on the map with a traveling Modern Cuban Art exhibition that visited the U.S, Europe, and Latin America. In terms of money, Pel\u00e1ez found it hard to make a living off of her art. An exhibition in 1935 sold no paintings, and she had to supplement her income with teaching. Over the course of her career, Pel\u00e1ez developed a visual language that she used to convey her form of nationalism and meaning to her audience. \t\t<\/div>\n\n\t\t\n\n\t\t\t\t\t<h3 role=\"button\" id=\"accordion-1-t7\" class=\"accordion-title js-accordion-controller\" aria-controls=\"accordion-1-c7\" aria-expanded=\"false\" tabindex=\"0\">\n\t\t\t\t<\/p>\n<p>Molina, Juan Antonio, and Helen L. Kohen. \u201cEstrada Palma 261: Still Life with Dream about Amelia Pel\u00e1ez.\u201d Translated by Narciso G. Menocal and Renato E. Perez. <i>The Journal of Decorative and Propaganda Arts <\/i>22 (1996): 220-39<\/p>\n<p>\t\t\t<\/h3>\n\t\t\n\t\t<div id=\"accordion-1-c7\" class=\"accordion-content\" aria-hidden=\"true\">\n\t\t\tThis article consists of a foreword and the article itself, both which are personal encounters from people who visited La Villa Carmela after the death of Pel\u00e1ez and were able to view her house with a broad knowledge of her art. They are both familiar with her work and are in awe of the atmosphere that they find in the house which still embodies the deceased artist.\t\t<\/div>\n\n\t\t\n\n\t\t\t\t\t<h3 role=\"button\" id=\"accordion-1-t8\" class=\"accordion-title js-accordion-controller\" aria-controls=\"accordion-1-c8\" aria-expanded=\"false\" tabindex=\"0\">\n\t\t\t\t<\/p>\n<p>Pau-Llosa, Ricardo. \u201cEl Verdadero Arte Latinoamericano.\u201d <i>Terzo Occhio<\/i> (1985): 5-12<\/p>\n<p>\t\t\t<\/h3>\n\t\t\n\t\t<div id=\"accordion-1-c8\" class=\"accordion-content\" aria-hidden=\"true\">\n\t\t\tThis article is written in Spanish and discusses the contributions of many Latin American artists to their culture. Pel\u00e1ez is one of the few women who helped to found the rich tradition of Latin American painting. She re-imagined colonial history in a modern way with the use of visual references to stained-glass windows and other architecture, and influenced generations of painters with her unique style.\t\t<\/div>\n\n\t\t\n\n\t\t\t\t\t<h3 role=\"button\" id=\"accordion-1-t9\" class=\"accordion-title js-accordion-controller\" aria-controls=\"accordion-1-c9\" aria-expanded=\"false\" tabindex=\"0\">\n\t\t\t\t<\/p>\n<p><i>Women in Contemporary Art. <\/i>Durham: Duke University Woman\u2019s College Gallery, 1963. Exhibition catalog.<\/p>\n<p>\t\t\t<\/h3>\n\t\t\n\t\t<div id=\"accordion-1-c9\" class=\"accordion-content\" aria-hidden=\"true\">\n\t\t\tThis is an exhibition catalogue from the Women\u2019s College Gallery at Duke University. Pel\u00e1ez built a reputation in both Cuba and the US for using busy and colorful patterns inspired by domestic stained-glass windows in Cuban architecture. She has had her paintings displayed in the Museum of Modern Art, San Francisco Museum of Art, Museum of Plastic Arts of the city of La Plata, National museum of Havana, as well as in private collections in Europe and America.\t\t<\/div>\n\n\t\t<\/div>\n<p>&nbsp;<\/p>\n<p>&nbsp;<\/p>\n<p>&nbsp;<\/p>\n<p>&nbsp;<\/p>\n<p>&nbsp;<\/p>\n<p>&nbsp;<\/p>\n<p>&nbsp;<\/p>\n","protected":false},"excerpt":{"rendered":"<p>&nbsp; &nbsp; &nbsp; &nbsp; &nbsp; &nbsp; &nbsp;<\/p>\n","protected":false},"author":132,"featured_media":0,"parent":13,"menu_order":5,"comment_status":"closed","ping_status":"closed","template":"","meta":{"footnotes":""},"class_list":["post-26","page","type-page","status-publish","hentry"],"_links":{"self":[{"href":"https:\/\/sites.smith.edu\/global-modern-women-artists\/wp-json\/wp\/v2\/pages\/26","targetHints":{"allow":["GET"]}}],"collection":[{"href":"https:\/\/sites.smith.edu\/global-modern-women-artists\/wp-json\/wp\/v2\/pages"}],"about":[{"href":"https:\/\/sites.smith.edu\/global-modern-women-artists\/wp-json\/wp\/v2\/types\/page"}],"author":[{"embeddable":true,"href":"https:\/\/sites.smith.edu\/global-modern-women-artists\/wp-json\/wp\/v2\/users\/132"}],"replies":[{"embeddable":true,"href":"https:\/\/sites.smith.edu\/global-modern-women-artists\/wp-json\/wp\/v2\/comments?post=26"}],"version-history":[{"count":39,"href":"https:\/\/sites.smith.edu\/global-modern-women-artists\/wp-json\/wp\/v2\/pages\/26\/revisions"}],"predecessor-version":[{"id":422,"href":"https:\/\/sites.smith.edu\/global-modern-women-artists\/wp-json\/wp\/v2\/pages\/26\/revisions\/422"}],"up":[{"embeddable":true,"href":"https:\/\/sites.smith.edu\/global-modern-women-artists\/wp-json\/wp\/v2\/pages\/13"}],"wp:attachment":[{"href":"https:\/\/sites.smith.edu\/global-modern-women-artists\/wp-json\/wp\/v2\/media?parent=26"}],"curies":[{"name":"wp","href":"https:\/\/api.w.org\/{rel}","templated":true}]}}