{"id":490,"date":"2023-05-06T15:31:44","date_gmt":"2023-05-06T19:31:44","guid":{"rendered":"https:\/\/sites.smith.edu\/las310-sp23\/?page_id=490"},"modified":"2023-05-12T16:36:27","modified_gmt":"2023-05-12T20:36:27","slug":"acerca-de","status":"publish","type":"page","link":"https:\/\/sites.smith.edu\/las310-sp23\/acerca-de\/","title":{"rendered":"Acerca de"},"content":{"rendered":"<p><span style=\"font-weight: 400\">Seg\u00fan la Society of American Archivists (SAA), los archivos son \u201cregistros de <\/span><i><span style=\"font-weight: 400\">valor permanente<\/span><\/i><span style=\"font-weight: 400\">. . . Estos registros <\/span><i><span style=\"font-weight: 400\">se mantienen porque tienen un valor continuo<\/span><\/i><span style=\"font-weight: 400\"> para la agencia creadora y para otros usuarios potenciales. Son la prueba documental de hechos pasados. Son los hechos que usamos para interpretar y entender la historia\u201d (<a href=\"https:\/\/www2.archivists.org\/about-archives\">sitio web de SAA<\/a>; \u00e9nfasis agregado).<\/span><\/p>\n<p><span style=\"font-weight: 400\">Un archivo puede ser utilizado por cualquier persona u organizaci\u00f3n, y se puede utilizar para proporcionar una ventana al pasado o comprender c\u00f3mo nos movemos a trav\u00e9s del presente y hacia el futuro. Sin embargo, es importante tener en cuenta que los archivos con sede en los EE. UU. tradicionalmente han privilegiado la escritura, el idioma ingl\u00e9s y las instituciones y personas en el poder; en algunos casos, han creado una versi\u00f3n sesgada de la historia. Los archivos \u201ctradicionales\u201d han presentado obst\u00e1culos estructurales y culturales para las comunidades marginadas. Algunos de estos obst\u00e1culos pueden variar desde ling\u00fc\u00edsticos (historias predominantes en ingl\u00e9s), institucionales (bajo acceso educativo y tasas de alfabetizaci\u00f3n) o basados en el lugar, ya que la &#8220;historia&#8221; a menudo se &#8220;guarda&#8221; y &#8220;mantiene&#8221; en espacios privados o privatizados.<\/span><\/p>\n<p><span style=\"font-weight: 400\">El proyecto Re-Imagining Archives reimagina las l\u00edneas de tiempo y los archivos digitales como herramientas radicales de historia p\u00fablica. El objetivo de este proyecto es inspirar la creaci\u00f3n de l\u00edneas de tiempo o archivos digitales como modos de activismo y resistencia y ofrecer una idea de por qu\u00e9 esto es importante. La informaci\u00f3n presentada aqu\u00ed estar\u00e1 orientada a registrar las historias de las comunidades marginadas que no han sido registradas o que han sido registradas desde una perspectiva de arriba hacia abajo. El proyecto se centrar\u00e1 en la capacidad de exclusi\u00f3n y accesibilidad de los archivos como dos caracter\u00edsticas cruciales: Exclusi\u00f3n de las protecciones sociales y pol\u00edticas pol\u00edticas y, al mismo tiempo, de sus propias historias, conocimientos y pr\u00e1cticas; Accesibilidad desigual para comunidades \u201cotra\u201d que han enfrentado obst\u00e1culos significativos para acceder a sus propias historias.<\/span><\/p>\n<p><span style=\"font-weight: 400\">El Proyecto Re-Imagining Archives desmantela algunos de estos obst\u00e1culos mediante la creaci\u00f3n de una plantilla rudimentaria (o inspiraci\u00f3n) que ayuda a construir un formato de &#8220;archivo&#8221; de historias comunitarias, etnograf\u00edas e historia oral en varios sitios, con la colaboraci\u00f3n de los participantes y dise\u00f1o de acceso p\u00fablico.<\/span><\/p>\n<p><span style=\"font-weight: 400\">El Proyecto Re-Imagining Archives est\u00e1 destinado a abrir la puerta a la producci\u00f3n y preservaci\u00f3n de historias con diferentes v\u00edas y recursos. Con los recursos que se ofrecen aqu\u00ed, el proyecto tambi\u00e9n destaca la elecci\u00f3n y la agencia en la creaci\u00f3n. A continuaci\u00f3n se muestran las im\u00e1genes utilizadas para este proyecto (im\u00e1gen destacada y miniaturas). Estos collages fueron creados por m\u00ed, Miren Neyra Alc\u00e1ntara. Mientras constru\u00eda este proyecto, no pude encontrar im\u00e1genes que representaran c\u00f3mo entend\u00eda o ve\u00eda las posibilidades de las pr\u00e1cticas de archivo, la resistencia y tener las herramientas para preservar nuestras propias historias. Tom\u00e9 la decisi\u00f3n de crear estos collages. Las im\u00e1genes espec\u00edficas elegidas no tienen un significado atribuido, m\u00e1s bien, mi mensaje detr\u00e1s de ellos es resaltar a\u00fan m\u00e1s c\u00f3mo podemos tomar los medios y nuestra propia comprensi\u00f3n de nuestras historias y crear algo a partir de eso. El proyecto Re-Imagining Archives vuelve a abrir el espacio (hist\u00f3rico). \u00bfQu\u00e9 significa registrar tu propia historia? \u00bfC\u00f3mo se ve un (su) archivo reinventado?<\/span><\/p>\n<div class=\"h5p-iframe-wrapper\"><iframe id=\"h5p-iframe-8\" class=\"h5p-iframe\" data-content-id=\"8\" style=\"height:1px\" src=\"about:blank\" frameBorder=\"0\" scrolling=\"no\" title=\"ReImagining Archives - Collage Collection\"><\/iframe><\/div>\n<p>&nbsp;<\/p>\n<p><a href=\"https:\/\/sites.smith.edu\/las310-sp23\/practicas-de-archivo-activismo-y-resistencia\/\">&lt; Regreso a p\u00e1gina principal<\/a><\/p>\n","protected":false},"excerpt":{"rendered":"<p>Seg\u00fan la Society of American Archivists (SAA), los archivos son \u201cregistros de valor permanente. . . Estos registros se mantienen porque tienen un valor continuo para la agencia creadora y para otros usuarios potenciales. Son la prueba documental de hechos pasados. Son los hechos que usamos para interpretar y entender la historia\u201d (sitio web de [&hellip;]<\/p>\n","protected":false},"author":6742,"featured_media":0,"parent":0,"menu_order":0,"comment_status":"closed","ping_status":"closed","template":"","meta":{"footnotes":""},"class_list":["post-490","page","type-page","status-publish","hentry"],"_links":{"self":[{"href":"https:\/\/sites.smith.edu\/las310-sp23\/wp-json\/wp\/v2\/pages\/490","targetHints":{"allow":["GET"]}}],"collection":[{"href":"https:\/\/sites.smith.edu\/las310-sp23\/wp-json\/wp\/v2\/pages"}],"about":[{"href":"https:\/\/sites.smith.edu\/las310-sp23\/wp-json\/wp\/v2\/types\/page"}],"author":[{"embeddable":true,"href":"https:\/\/sites.smith.edu\/las310-sp23\/wp-json\/wp\/v2\/users\/6742"}],"replies":[{"embeddable":true,"href":"https:\/\/sites.smith.edu\/las310-sp23\/wp-json\/wp\/v2\/comments?post=490"}],"version-history":[{"count":3,"href":"https:\/\/sites.smith.edu\/las310-sp23\/wp-json\/wp\/v2\/pages\/490\/revisions"}],"predecessor-version":[{"id":690,"href":"https:\/\/sites.smith.edu\/las310-sp23\/wp-json\/wp\/v2\/pages\/490\/revisions\/690"}],"wp:attachment":[{"href":"https:\/\/sites.smith.edu\/las310-sp23\/wp-json\/wp\/v2\/media?parent=490"}],"curies":[{"name":"wp","href":"https:\/\/api.w.org\/{rel}","templated":true}]}}