{"id":377,"date":"2019-04-14T22:34:54","date_gmt":"2019-04-15T02:34:54","guid":{"rendered":"https:\/\/sites.smith.edu\/metamorphoses\/?page_id=377"},"modified":"2019-07-26T02:23:02","modified_gmt":"2019-07-26T06:23:02","slug":"iol-i","status":"publish","type":"page","link":"https:\/\/sites.smith.edu\/metamorphoses\/indexes\/iol-i\/","title":{"rendered":"IOL I"},"content":{"rendered":"<p>Iashvili, Paolo. (Georgian) &#8220;Desk\u2014My Parnassus.&#8221; Trans. Rebecca Gould. <a href=\"https:\/\/sites.smith.edu\/metamorphoses\/issues\/spring-2009\/\">17.1<\/a>, 82.<br \/>\n&#8212;&#8220;From the Heights.&#8221; Trans. Gould. <a href=\"https:\/\/sites.smith.edu\/metamorphoses\/issues\/spring-2009\/\">17.1<\/a>, 84.<br \/>\n&#8212;&#8220;Poetry.&#8221; Trans. Gould. <a href=\"https:\/\/sites.smith.edu\/metamorphoses\/issues\/spring-2009\/\">17.1<\/a>, 86.<\/p>\n<p>Ieronim, Ioana. (Romanian) &#8220;Scari rulante.&#8221; Trans. Adam Sorkin. <a href=\"https:\/\/sites.smith.edu\/metamorphoses\/issues\/fall-2003\/\">11.2<\/a>, 108.<br \/>\n&#8212;&#8220;Wayward Kite.&#8221; Trans. Sorkin. <a href=\"https:\/\/sites.smith.edu\/metamorphoses\/issues\/fall-2003\/\">11.2<\/a>, 114.<br \/>\n&#8212;&#8220;The Thinker.&#8221; Trans. Sorkin. <a href=\"https:\/\/sites.smith.edu\/metamorphoses\/issues\/fall-2003\/\">11.2<\/a>, 116.<br \/>\n&#8212;&#8220;Genre Scene: A Pub.&#8221; Trans. Sorkin. <a href=\"https:\/\/sites.smith.edu\/metamorphoses\/issues\/fall-2003\/\">11.2<\/a>, 118.<br \/>\n&#8212;&#8220;Carpathian Rosary.&#8221; Trans. Sorkin. <a href=\"https:\/\/sites.smith.edu\/metamorphoses\/issues\/fall-2003\/\">11.2<\/a>, 120.<br \/>\n&#8212;&#8220;Cultural Difference.&#8221; Trans. Sorkin. <a href=\"https:\/\/sites.smith.edu\/metamorphoses\/issues\/fall-2003\/\">11.2<\/a>, 122.<br \/>\n&#8212;&#8220;Reply.&#8221; Trans. Sorkin. <a href=\"https:\/\/sites.smith.edu\/metamorphoses\/issues\/fall-2003\/\">11.2<\/a>, 122.<\/p>\n<p>Iglesias, Gracia. (Spanish) &#8220;There Was a Mermaid in My Glass of Water.&#8221; Trans. Natalie Carbajosa. <a href=\"https:\/\/sites.smith.edu\/metamorphoses\/issues\/fall-2009\/\">17.2<\/a>, 70.<\/p>\n<p>Ilchenko, Oles. (Ukranian) &#8220;From the collection\u00a0<em>Conversation Before Silence<\/em>.&#8221; Trans. Michael Naydan. <a href=\"https:\/\/sites.smith.edu\/metamorphoses\/issues\/fall-2008\/\">16.2<\/a>, 22.<\/p>\n<p>Ioannou, Yiorgos. (Greek) &#8220;The Sarcophagus.&#8221; Trans. Martin McKinsey. <a href=\"https:\/\/sites.smith.edu\/metamorphoses\/issues\/fall-2000\/\">8.2<\/a>, 188.<\/p>\n<p>Iqbal, Mohammed. (Urdu) &#8220;Love Meets Death.&#8221; Trans. Hamida Banu Chopra and Zack\u00a0Rogow. <a href=\"https:\/\/sites.smith.edu\/metamorphoses\/issues\/spring-2012\/\">20.1<\/a>, 40.<\/p>\n<p>Irastortza, Tere. (Basque) &#8220;Hawking.&#8221; Trans. Eli Tolaretxipi and Philip Jenkins. <a href=\"https:\/\/sites.smith.edu\/metamorphoses\/issues\/spring-fall-2004\/\">12.1<\/a>, 130.<br \/>\n&#8212;&#8220;Untitled.&#8221; Trans. Tolaretxipi, Reyes L\u00e1zaro, and Sarah Moon. <a href=\"https:\/\/sites.smith.edu\/metamorphoses\/issues\/spring-fall-2004\/\">12.1<\/a>, 133.<br \/>\n&#8212;&#8220;Untitled.&#8221; Trans. Tolaretxipi, L\u00e1zaro, and Moon. <a href=\"https:\/\/sites.smith.edu\/metamorphoses\/issues\/spring-fall-2004\/\">12.1<\/a>, 136.<\/p>\n<p>\u00ccs\u00f6l\u00e1, Akinwumi. (Yor\u00f9b\u00e1) &#8220;First Words.&#8221; Trans. Akinloy\u00e8 \u00d2j\u00f3. <a href=\"https:\/\/sites.smith.edu\/metamorphoses\/issues\/spring-2002\/\">10.1<\/a>, 212.<br \/>\n&#8212;&#8220;Be Patient.&#8221; Trans. \u00d2j\u00f3. <a href=\"https:\/\/sites.smith.edu\/metamorphoses\/issues\/spring-2002\/\">10.1<\/a>, 214.<br \/>\n&#8212;&#8220;Without Knowing.&#8221; Trans. \u00d2j\u00f3. <a href=\"https:\/\/sites.smith.edu\/metamorphoses\/issues\/spring-2002\/\">10.1<\/a>, 216.<br \/>\n&#8212;&#8220;T\u00edt\u00edlol\u00e1.&#8221; Trans. \u00d2j\u00f3. <a href=\"https:\/\/sites.smith.edu\/metamorphoses\/issues\/spring-2002\/\">10.1<\/a>, 218.<br \/>\n&#8212; &#8220;(<em>Agb\u00f3y\u00ecng\u00f3 K\u00ec \u00ed K\u00fa S\u00edl\u00e9<\/em>, excerpt from the novel,\u00a0<em>Og\u00fan Omod\u00e9<\/em>, chapter thirteen) The Loss of Innocence.&#8221; Trans. Pamela J. Ol\u00famb\u00f9nmi Smith. <a href=\"https:\/\/sites.smith.edu\/metamorphoses\/issues\/fall-2013\/\">21.2<\/a>, 173.<\/p>\n<p>Ivanov, Vyacheslav. (Russian) &#8220;The Roman Sonnets.&#8221; Trans. Maria Nemcova Banerjee and Ron Banerjee. <a href=\"https:\/\/sites.smith.edu\/metamorphoses\/issues\/spring-2017\/\">25.1<\/a>, 50.<\/p>\n","protected":false},"excerpt":{"rendered":"<p>Iashvili, Paolo. (Georgian) &#8220;Desk\u2014My Parnassus.&#8221; Trans. Rebecca Gould. 17.1, 82. &#8212;&#8220;From the Heights.&#8221; Trans. Gould. 17.1, 84. &#8212;&#8220;Poetry.&#8221; Trans. Gould. 17.1, 86. Ieronim, Ioana. (Romanian) &#8220;Scari rulante.&#8221; Trans. Adam Sorkin. 11.2, 108. &#8212;&#8220;Wayward Kite.&#8221; Trans. Sorkin. 11.2, 114. &#8212;&#8220;The Thinker.&#8221; Trans. Sorkin. 11.2, 116. &#8212;&#8220;Genre Scene: A Pub.&#8221; Trans. Sorkin. 11.2, 118. &#8212;&#8220;Carpathian Rosary.&#8221; Trans. [&hellip;]<\/p>\n","protected":false},"author":1791,"featured_media":0,"parent":359,"menu_order":0,"comment_status":"closed","ping_status":"closed","template":"","meta":{"footnotes":""},"orig-auth":[],"auth-translator":[],"class_list":["post-377","page","type-page","status-publish","hentry"],"_links":{"self":[{"href":"https:\/\/sites.smith.edu\/metamorphoses\/wp-json\/wp\/v2\/pages\/377","targetHints":{"allow":["GET"]}}],"collection":[{"href":"https:\/\/sites.smith.edu\/metamorphoses\/wp-json\/wp\/v2\/pages"}],"about":[{"href":"https:\/\/sites.smith.edu\/metamorphoses\/wp-json\/wp\/v2\/types\/page"}],"author":[{"embeddable":true,"href":"https:\/\/sites.smith.edu\/metamorphoses\/wp-json\/wp\/v2\/users\/1791"}],"replies":[{"embeddable":true,"href":"https:\/\/sites.smith.edu\/metamorphoses\/wp-json\/wp\/v2\/comments?post=377"}],"version-history":[{"count":4,"href":"https:\/\/sites.smith.edu\/metamorphoses\/wp-json\/wp\/v2\/pages\/377\/revisions"}],"predecessor-version":[{"id":1306,"href":"https:\/\/sites.smith.edu\/metamorphoses\/wp-json\/wp\/v2\/pages\/377\/revisions\/1306"}],"up":[{"embeddable":true,"href":"https:\/\/sites.smith.edu\/metamorphoses\/wp-json\/wp\/v2\/pages\/359"}],"wp:attachment":[{"href":"https:\/\/sites.smith.edu\/metamorphoses\/wp-json\/wp\/v2\/media?parent=377"}],"wp:term":[{"taxonomy":"orig-auth","embeddable":true,"href":"https:\/\/sites.smith.edu\/metamorphoses\/wp-json\/wp\/v2\/orig-auth?post=377"},{"taxonomy":"auth-translator","embeddable":true,"href":"https:\/\/sites.smith.edu\/metamorphoses\/wp-json\/wp\/v2\/auth-translator?post=377"}],"curies":[{"name":"wp","href":"https:\/\/api.w.org\/{rel}","templated":true}]}}