{"id":621,"date":"2019-05-21T16:57:57","date_gmt":"2019-05-21T20:57:57","guid":{"rendered":"https:\/\/sites.smith.edu\/metamorphoses\/?page_id=621"},"modified":"2023-06-12T10:47:27","modified_gmt":"2023-06-12T14:47:27","slug":"catalan","status":"publish","type":"page","link":"https:\/\/sites.smith.edu\/metamorphoses\/languages\/catalan\/","title":{"rendered":"Catalan"},"content":{"rendered":"<p>Apter, Ronnie (and Mark Herman). (Catalan) Rosa Leveroni, poems. <a href=\"https:\/\/sites.smith.edu\/metamorphoses\/issues\/april-1997\/\">5.2<\/a>, 104.<br \/>\n\u2014(with Herman). (Catalan) Francesc Vallverd\u00fa, poems. <a href=\"https:\/\/sites.smith.edu\/metamorphoses\/issues\/april-1997\/\">5.2<\/a>, 154.<\/p>\n<p>&nbsp;<\/p>\n<p>Bartell, Don (and Llu\u00eds Cugota). (Catalan) Vicent Andr\u00e9s Estell\u00e9s, poems. <a href=\"https:\/\/sites.smith.edu\/metamorphoses\/issues\/april-1997\/\">5.2<\/a>, 48.<br \/>\n\u2014(Catalan) Miquel Mart\u00ed i Pol, poems. <a href=\"https:\/\/sites.smith.edu\/metamorphoses\/issues\/april-1997\/\">5.2<\/a>, 142.<\/p>\n<p>&nbsp;<\/p>\n<p>Boehne, Patricia J. (Catalan) J.V. Fox, poems. <a href=\"https:\/\/sites.smith.edu\/metamorphoses\/issues\/april-1997\/\">5.2<\/a>, 80.<\/p>\n<p>&nbsp;<\/p>\n<p>Bonner, Deborah. (Catalan) Joan Vinyoli, poems. <a href=\"https:\/\/sites.smith.edu\/metamorphoses\/issues\/april-1997\/\">5.2<\/a>, 120.<\/p>\n<p>&nbsp;<\/p>\n<p>Claras\u00f3, Merc\u00e8. (Catalan) Guerau de Liost, \u201cFirs and Beeches.\u201d <a href=\"https:\/\/sites.smith.edu\/metamorphoses\/issues\/april-1997\/\">5.2<\/a>, 62.<br \/>\n\u2014(Catalan) Pere Quart, \u201cSong.\u201d <a href=\"https:\/\/sites.smith.edu\/metamorphoses\/issues\/april-1997\/\">5.2<\/a>, 100.<\/p>\n<p>&nbsp;<\/p>\n<p>Cox, Wayne (and Lourdes Many\u00e9 i Mart\u00ed). (Catalan) Miquel Mart\u00ed i Pol, poems. <a href=\"https:\/\/sites.smith.edu\/metamorphoses\/issues\/april-1997\/\">5.2<\/a>, 150.<\/p>\n<p>&nbsp;<\/p>\n<p>Cugota, Llu\u00eds (and Don Bartell). (Catalan) Vicent Andr\u00e9s Estell\u00e9s, poems. <a href=\"https:\/\/sites.smith.edu\/metamorphoses\/issues\/april-1997\/\">5.2<\/a>, 48.<\/p>\n<p>&nbsp;<\/p>\n<p>DiGiacomo, Susan M. (Catalan) Montserrat Roig, \u201cBefore the Civil War.\u201d <a href=\"https:\/\/sites.smith.edu\/metamorphoses\/issues\/spring-fall-2004\/\">12.1-2<\/a>, 175.<\/p>\n<p>&nbsp;<\/p>\n<p>Gardner, Hillary J. (Catalan) Jaume Pont, poems. <a href=\"https:\/\/sites.smith.edu\/metamorphoses\/issues\/april-1997\/\">5.2<\/a>, 168.<\/p>\n<p>&nbsp;<\/p>\n<p>Gili, J.L. (Catalan) Carles Riba, poems. <a href=\"https:\/\/sites.smith.edu\/metamorphoses\/issues\/april-1997\/\">5.2<\/a>, 74.<\/p>\n<p>&nbsp;<\/p>\n<p>Giner i Sariola, Ricard. (Catalan) Salvador Espriu, poems. <a href=\"https:\/\/sites.smith.edu\/metamorphoses\/issues\/april-1997\/\">5.2<\/a>, 110.<\/p>\n<p>&nbsp;<\/p>\n<p>Golden, S\u00e9an. (Catalan) Francesc Parcerisas, poems. <a href=\"https:\/\/sites.smith.edu\/metamorphoses\/issues\/april-1997\/\">5.2<\/a>, 162.<br \/>\n\u2014(Catalan) Pon\u00e7 Pons, \u201cOut of His Head.\u201d <a href=\"https:\/\/sites.smith.edu\/metamorphoses\/issues\/april-1997\/\">5.2<\/a>, 184.<\/p>\n<p>&nbsp;<\/p>\n<p>Graham, Joel. (Catalan) Salvador Espriu, \u201c37 \u2013 xxxvii.\u201d <a href=\"https:\/\/sites.smith.edu\/metamorphoses\/issues\/spring-2015\/\">23.1<\/a>, 98.<br \/>\n\u2014(Catalan) Salvador Espriu, \u201c39 \u2013 xxxix.\u201d <a href=\"https:\/\/sites.smith.edu\/metamorphoses\/issues\/spring-2015\/\">23.1<\/a>, 100.<br \/>\n\u2014(Catalan) Espriu, \u201c40 \u2013 xl.\u201d\u00a0<a href=\"https:\/\/sites.smith.edu\/metamorphoses\/issues\/spring-2015\/\">23.1<\/a>, 100.<\/p>\n<p>&nbsp;<\/p>\n<p>Herman, Mark (and Ronnie Apter). (Catalan) Rosa Leveroni, poems. <a href=\"https:\/\/sites.smith.edu\/metamorphoses\/issues\/april-1997\/\">5.2<\/a>, 104.<br \/>\n\u2014(and Apter). (Catalan) Francesc Vallverd\u00fa, poems. <a href=\"https:\/\/sites.smith.edu\/metamorphoses\/issues\/april-1997\/\">5.2<\/a>, 154.<\/p>\n<p>&nbsp;<\/p>\n<p>London, John. (Catalan) Joan Brossa, poems. <a href=\"https:\/\/sites.smith.edu\/metamorphoses\/issues\/april-1997\/\">5.2<\/a>, 126.<\/p>\n<p>&nbsp;<\/p>\n<p>Many\u00e9 i Mart\u00ed, Lourdes (with Wayne Cox). (Catalan) Miquel Mart\u00ed i Pol, poems. <a href=\"https:\/\/sites.smith.edu\/metamorphoses\/issues\/april-1997\/\">5.2<\/a>, 150.<\/p>\n<p>&nbsp;<\/p>\n<p>Mar\u00e7al, Maria-Merc\u00e9. (Catalan) \u201cSolstici.\u201d <a href=\"https:\/\/sites.smith.edu\/metamorphoses\/issues\/spring-fall-2004\/\">12.1-2<\/a>, 139.<\/p>\n<p>&nbsp;<\/p>\n<p>Mart\u00ednez i Albert, Josepa (and Julie McLucas). (Catalan) Vicent Andr\u00e9s Estell\u00e9s, poems. <a href=\"https:\/\/sites.smith.edu\/metamorphoses\/issues\/april-1997\/\">5.2<\/a>, 56.<br \/>\n\u2014(Catalan) V\u00edctor Soler i Tom\u00e0s, \u201cTo My Beloved.\u201d <a href=\"https:\/\/sites.smith.edu\/metamorphoses\/issues\/april-1997\/\">5.2<\/a>, 166.<\/p>\n<p>&nbsp;<\/p>\n<p>McGrath, Lynette F. (and Adela Robles-S\u00e1ez). (Catalan) Olga Xirinacs I D\u00edaz, \u201cMidsummer Meditation.\u201d <a href=\"https:\/\/sites.smith.edu\/metamorphoses\/issues\/april-1997\/\">5.2<\/a>, 158.<\/p>\n<p>&nbsp;<\/p>\n<p>McLucas, Julie (and Josepa Mart\u00ednez i Albert). (Catalan) Vicent Andr\u00e9s Estell\u00e9s, poems. <a href=\"https:\/\/sites.smith.edu\/metamorphoses\/issues\/april-1997\/\">5.2<\/a>, 56.<\/p>\n<p>&nbsp;<\/p>\n<p>McNerney, Kathleen. (Catalan) Mari Chord\u00e0 I Requesens, poems. <a href=\"https:\/\/sites.smith.edu\/metamorphoses\/issues\/april-1997\/\">5.2<\/a>, 160.<br \/>\n\u2014(Catalan) Maria-Merc\u00e8 Roca, excerpts. <a href=\"https:\/\/sites.smith.edu\/metamorphoses\/issues\/april-1997\/\">5.2<\/a>, 195.<br \/>\n\u2014(Catalan) Maria-Merc\u00e9 Mar\u00e7al, \u201cSolstici.\u201d <a href=\"https:\/\/sites.smith.edu\/metamorphoses\/issues\/spring-fall-2004\/\">12.1-2<\/a>, 141.<\/p>\n<p>&nbsp;<\/p>\n<p>Puppo, Ronald. (Catalan) Josep Carner i Puig-Oriol, poems. <a href=\"https:\/\/sites.smith.edu\/metamorphoses\/issues\/april-1997\/\">5.2<\/a>, 64.<br \/>\n\u2014(Catalan) Joan Salvat-Papasseit, \u201cHis Words to Her.\u201d <a href=\"https:\/\/sites.smith.edu\/metamorphoses\/issues\/april-1997\/\">5.2<\/a>, 96.<\/p>\n<p>&nbsp;<\/p>\n<p>Robles-S\u00e1ez, Adela. (Catalan) Montserrat Rod\u00e9s, \u201cSilence, XIV.\u201d <a href=\"https:\/\/sites.smith.edu\/metamorphoses\/issues\/april-1997\/\">5.2<\/a>, 188.<br \/>\n\u2014(Catalan) Rod\u00e9s, \u201cSilence, XXI.\u201d <a href=\"https:\/\/sites.smith.edu\/metamorphoses\/issues\/april-1997\/\">5.2<\/a>, 190.<br \/>\n\u2014(Catalan) Rod\u00e9s, \u201cFragment V.\u201d <a href=\"https:\/\/sites.smith.edu\/metamorphoses\/issues\/april-1997\/\">5.2<\/a>, 190.<br \/>\n\u2014(Catalan) Maria-Merc\u00e8 Mar\u00e7al, \u201cLight Song.\u201d <a href=\"https:\/\/sites.smith.edu\/metamorphoses\/issues\/april-1997\/\">5.2<\/a>, 191.<br \/>\n\u2014(Catalan) Mar\u00e7al, \u201cLike the Murderer Returning to the Scene of the Crime.\u201d <a href=\"https:\/\/sites.smith.edu\/metamorphoses\/issues\/april-1997\/\">5.2<\/a>, 191.<br \/>\n\u2014(Catalan) Mar\u00e7al, \u201cMy Homeless Love.\u201d <a href=\"https:\/\/sites.smith.edu\/metamorphoses\/issues\/april-1997\/\">5.2<\/a>, 193.<br \/>\n\u2014(Catalan) Mar\u00e7al, \u201cI Do Not Feel the Pain in Me, I Feel It In You.\u201d <a href=\"https:\/\/sites.smith.edu\/metamorphoses\/issues\/april-1997\/\">5.2<\/a>, 193.<br \/>\n\u2014(and Lynette F. McGrath). (Catalan) Olga Xirinacs I D\u00edaz, \u201cMidsummer Meditation.\u201d <a href=\"https:\/\/sites.smith.edu\/metamorphoses\/issues\/april-1997\/\">5.2<\/a>, 158.<\/p>\n<p>&nbsp;<\/p>\n<p>Rodrigues, Louis J. (Catalan) Josep Carner i Puig-Oriol, poems. <a href=\"https:\/\/sites.smith.edu\/metamorphoses\/issues\/april-1997\/\">5.2<\/a>, 70.<\/p>\n<p>&nbsp;<\/p>\n<p>Rosenthal, David. (Catalan) Joan Salvat-Papasseit, poems. <a href=\"https:\/\/sites.smith.edu\/metamorphoses\/issues\/april-1997\/\">5.2<\/a>, 92.<\/p>\n<p>&nbsp;<\/p>\n<p>Smith, Nathaniel. (Catalan) Bartomeu Rossell\u00f3-P\u00f2rcel, \u201cBeginning of a Bell,\u201d \u201cBird Curves.\u201d <a href=\"https:\/\/sites.smith.edu\/metamorphoses\/issues\/april-1994\/\">2.2<\/a>, 72.<\/p>\n<p>&nbsp;<\/p>\n<p>Terry, Arthur. (Catalan) Gabriel Ferrater, poems. <a href=\"https:\/\/sites.smith.edu\/metamorphoses\/issues\/april-1997\/\">5.2<\/a>, 134.<\/p>\n","protected":false},"excerpt":{"rendered":"<p>Apter, Ronnie (and Mark Herman). (Catalan) Rosa Leveroni, poems. 5.2, 104. \u2014(with Herman). (Catalan) Francesc Vallverd\u00fa, poems. 5.2, 154. &nbsp; Bartell, Don (and Llu\u00eds Cugota). (Catalan) Vicent Andr\u00e9s Estell\u00e9s, poems. 5.2, 48. \u2014(Catalan) Miquel Mart\u00ed i Pol, poems. 5.2, 142. &nbsp; Boehne, Patricia J. (Catalan) J.V. Fox, poems. 5.2, 80. &nbsp; Bonner, Deborah. (Catalan) Joan [&hellip;]<\/p>\n","protected":false},"author":1791,"featured_media":0,"parent":1123,"menu_order":0,"comment_status":"closed","ping_status":"closed","template":"","meta":{"footnotes":""},"orig-auth":[],"auth-translator":[],"class_list":["post-621","page","type-page","status-publish","hentry"],"_links":{"self":[{"href":"https:\/\/sites.smith.edu\/metamorphoses\/wp-json\/wp\/v2\/pages\/621","targetHints":{"allow":["GET"]}}],"collection":[{"href":"https:\/\/sites.smith.edu\/metamorphoses\/wp-json\/wp\/v2\/pages"}],"about":[{"href":"https:\/\/sites.smith.edu\/metamorphoses\/wp-json\/wp\/v2\/types\/page"}],"author":[{"embeddable":true,"href":"https:\/\/sites.smith.edu\/metamorphoses\/wp-json\/wp\/v2\/users\/1791"}],"replies":[{"embeddable":true,"href":"https:\/\/sites.smith.edu\/metamorphoses\/wp-json\/wp\/v2\/comments?post=621"}],"version-history":[{"count":7,"href":"https:\/\/sites.smith.edu\/metamorphoses\/wp-json\/wp\/v2\/pages\/621\/revisions"}],"predecessor-version":[{"id":1243,"href":"https:\/\/sites.smith.edu\/metamorphoses\/wp-json\/wp\/v2\/pages\/621\/revisions\/1243"}],"up":[{"embeddable":true,"href":"https:\/\/sites.smith.edu\/metamorphoses\/wp-json\/wp\/v2\/pages\/1123"}],"wp:attachment":[{"href":"https:\/\/sites.smith.edu\/metamorphoses\/wp-json\/wp\/v2\/media?parent=621"}],"wp:term":[{"taxonomy":"orig-auth","embeddable":true,"href":"https:\/\/sites.smith.edu\/metamorphoses\/wp-json\/wp\/v2\/orig-auth?post=621"},{"taxonomy":"auth-translator","embeddable":true,"href":"https:\/\/sites.smith.edu\/metamorphoses\/wp-json\/wp\/v2\/auth-translator?post=621"}],"curies":[{"name":"wp","href":"https:\/\/api.w.org\/{rel}","templated":true}]}}